1938259 a prime number?
False
Is 9245413 composite?
False
Is 39902131 prime?
True
Is 39051629 a prime number?
True
Is 26364337 a composite number?
False
Is 15716273 composite?
False
Is 11450921 prime?
True
Is 11358202 prime?
False
Is 115562947 a composite number?
True
Is 149066623 a prime number?
True
Is 365073251 a composite number?
True
Is 1217617 a composite number?
False
Is 32955319 prime?
False
Is 139172757 a composite number?
True
Is 2780281349 a prime number?
True
Is 8631031 prime?
False
Is 1169183 prime?
True
Is 67172605 prime?
False
Is 28605911 a composite number?
False
Is 6074879 composite?
True
Is 12871699 a prime number?
False
Is 106547201 a prime number?
False
Is 2925409 a composite number?
True
Is 2161513 composite?
False
Is 110238383 composite?
True
Is 315046021 prime?
True
Is 8199883 prime?
True
Is 1747363 a prime number?
True
Is 828614053 a composite number?
False
Is 26244359 a prime number?
False
Is 5470219 prime?
True
Is 272254831 composite?
False
Is 63003 a composite number?
True
Is 87284669 composite?
False
Is 153434599 a composite number?
True
Is 3581989 prime?
False
Is 824606 a composite number?
True
Is 105669481 a prime number?
False
Is 1502819 a composite number?
False
Is 17219933 prime?
True
Is 204473881 composite?
True
Is 239442746 a prime number?
False
Is 18783847 composite?
True
Is 39020039 a composite number?
True
Is 6396361 a composite number?
False
Is 95236411 a composite number?
True
Is 70078769 prime?
False
Is 108821851 prime?
True
Is 8875859 composite?
False
Is 1852589 composite?
True
Is 300348619 composite?
True
Is 8891387 a composite number?
False
Is 8031959 prime?
False
Is 4797701 a prime number?
True
Is 132702769 a composite number?
False
Is 181979 composite?
True
Is 1605593 a composite number?
True
Is 4571471 composite?
False
Is 6967981 a composite number?
False
Is 10936598 prime?
False
Is 426141587 a prime number?
True
Is 111359417 prime?
False
Is 205532857 prime?
True
Is 263325137 prime?
False
Is 159911 composite?
False
Is 3344293 prime?
False
Is 33742435 a prime number?
False
Is 11358833 prime?
True
Is 13768463 composite?
False
Is 47692273 prime?
True
Is 4720427 prime?
True
Is 1726553 a prime number?
False
Is 28514039 a prime number?
True
Is 45027761 a prime number?
False
Is 16669453 prime?
True
Is 11646079 a prime number?
False
Is 549604039 a composite number?
False
Is 3482519 a prime number?
True
Is 467237 a composite number?
False
Is 81891419 a prime number?
True
Is 22975369 composite?
True
Is 4049597 composite?
True
Is 94542403 a composite number?
False
Is 55039 a composite number?
True
Is 17028043 a prime number?
False
Is 1493033 prime?
False
Is 1297841 a prime number?
True
Is 47280253 prime?
True
Is 60153781 a composite number?
True
Is 3787843 a prime number?
True
Is 836943 a prime number?
False
Is 7749419 composite?
True
Is 3329591 a prime number?
False
Is 32478035 a composite number?
True
Is 15753233 composite?
False
Is 19811153 a composite number?
True
Is 7729279 a composite number?
True
Is 12456667 a prime number?
True
Is 160357 composite?
False
Is 383429 a composite number?
False
Is 569087 a prime number?
False
Is 3481937 a prime number?
True
Is 4996039 prime?
False
Is 2646227 composite?
False
Is 937309 composite?
True
Is 4515319 prime?
False
Is 1767679 composite?
False
Is 6576153 composite?
True
Is 2120333 a composite number?
True
Is 8075563 composite?
False
Is 31719463 a prime number?
False
Is 193510181 prime?
True
Is 106433921 composite?
True
Is 161648867 a composite number?
False
Is 73561 prime?
True
Is 123360151 a composite number?
False
Is 1176667 a composite number?
True
Is 91603933 prime?
True
Is 605447 prime?
False
Is 4610717 composite?
True
Is 570781 prime?
True
Is 32476853 composite?
True
Is 84853597 prime?
True
Is 63570511 a composite number?
True
Is 43484093 a prime number?
True
Is 142716635 a prime number?
False
Is 595970783 composite?
False
Is 1559399 a composite number?
False
Is 955379 prime?
True
Is 208928107 prime?
True
Is 1154509 a composite number?
False
Is 30900029 a composite number?
True
Is 272461 a prime number?
False
Is 18541279 a prime number?
False
Is 947171 composite?
False
Is 6027859 a composite number?
True
Is 3691595 prime?
False
Is 152489311 a composite number?
True
Is 7166239 a composite number?
True
Is 8721533 composite?
False
Is 129154349 prime?
True
Is 3921023 composite?
False
Is 103468427 prime?
True
Is 2416321 a prime number?
False
Is 45030763 prime?
False
Is 39402031 composite?
False
Is 1703983 prime?
True
Is 327688063 prime?
True
Is 7956257 prime?
False
Is 160234777 prime?
True
Is 393241181 prime?
True
Is 119803045 a prime number?
False
Is 555911 a prime number?
False
Is 2532245 composite?
True
Is 2587829 composite?
False
Is 1615823843 composite?
False
Is 380763067 prime?
True
Is 528900997 a composite number?
False
Is 89313377 prime?
False
Is 2670373 a prime number?
True
Is 4058771 prime?
False
Is 10555399 prime?
True
Is 8620089 composite?
True
Is 51502877 prime?
False
Is 14284399 a composite number?
False
Is 13774489 a composite number?
False
Is 857367929 composite?
True
Is 5855519 a prime number?
False
Is 2252087 a prime number?
True
Is 41658367 a prime number?
False
Is 30912333 composite?
True
Is 4406261 a prime number?
False
Is 992927 a prime number?
False
Is 6434251 a composite number?
False
Is 625101 a composite number?
True
Is 20227781 a prime number?
False
Is 45291469 a composite number?
True
Is 17531807 composite?
False
Is 14615021 composite?
False
Is 1872667 prime?
True
Is 35094593 a composite number?
False
Is 23434337 composite?
False
Is 79641931 prime?
True
Is 43558057 a prime number?
True
Is 9211489 a prime number?
False
Is 3518447 prime?
True
Is 1357045 prime?
False
Is 15403391 a composite number?
True
Is 974581 prime?
True
Is 37022189 a prime number?
True
Is 10271249 prime?
False
Is 1289393 composite?
True
Is 49183 a prime number?
False
Is 1342697 a composite number?
False
Is 760411 prime?
True
Is 3290533 a prime number?
True
Is 8265839 a composite number?
True
Is 7906307 a prime number?
True
Is 3347033 prime?
True
Is 3966701 a prime number?
True
Is 13641991 prime?
False
Is 16726361 a prime number?
True
Is 1789393 composite?
True
Is 224675299 prime?
True
Is 1930477 prime?
True
Is 101765249 a composite number?
False
Is 47953274 a prime number?
False
Is 407522 a composite number?
True
Is 207776173 prime?
False
Is 2584355 prime?
False
Is 119811059 a composite number?
False
Is 153779131 composite?
True
Is 18339 a composite number?
True
Is 19658773 a prime number?
False
Is 24770461 prime?
False
Is 1831079 a prime number?
True
Is 2430034 a composite number?
True
Is 8700886 prime?
False
Is 200017273 composite?
False
Is 4671083 composite?
True
Is 13752287 a composite number?
False
Is 61526 prime?
False
Is 8683393 a composite number?
False
Is 5569793 a composite number?
True
Is 2696151 a prime number?
False
Is 11986691 a prime number?
True
Is 461924642 a prime number?
False
Is 148095627 composite?
True
Is 2686865 a prime number?
False
Is 119724937 prime?
False
Is 65991247 a prime number?
False
Is 941035811 composite?
False
Is 117461639 composite?
True
Is 512299303 a prime number?
True
Is 502883 a prime number?
True
Is 6703241 composite?
False
Is 18366767 a composite number?
False
Is 1242457 a prime number?
True
Is 1013717 a prime number?
True
Is 40724893 composite?
True
Is 712031 a composite number?
True
Is 598639759 composite?
False
Is 428186783 a composite number?
False
Is 57203255 composite?
True
Is 21381977 prime?
True
Is 17641555 a prime number?
False
Is 2083891 prime?
False
Is 39377755 a prime number?
False
Is 13970963 a prime number?
False
Is 4779035 a prime number?
False
Is 1333573 prime?
False
Is 2144369 a prime number?
True
Is 162959983 a composite number?
True
Is 865043 a composite number?
False
Is 112741 composite?
False
Is 20918033 composite?
False
Is 60583217 a prime number?
True
Is 8269589 a prime number?
True
Is 71013263 prime?
True
Is 16526009 a prime number?
True
Is 63951271 composite?
True
Is 8190289 composite?
True
Is 652696933 prime?
False
Is 51924017 composite?
True
Is 57637 a composite number?
False
Is 3784601 a composite number?
True
Is 36493207 composite?
False
Is 254038657 a composite number?
True
Is 35817241 a com